 greatest common divisor of h and r?
12
Let o = -245 + 255. Calculate the highest common divisor of 25 and o.
5
Let c be 2*2/4 + 0 + 64. Calculate the highest common divisor of c and 13.
13
Suppose -2 - 11 = -s. Suppose 10 = -5*c, 5*q - q = -5*c + 34. Let p = s - q. What is the highest common divisor of p and 10?
2
Suppose 2*b - 7 = 3*n, 2 = -n - n. Suppose 4*k = -3*g - 70, 4*g - k + 110 = b*k. Let t = 39 - g. Calculate the highest common factor of 26 and t.
13
Let u(m) = 4*m + 4. Let o be u(10). Suppose 0 = 2*y + 6 - 0. Let f be (-1)/(y + 6)*-33. What is the greatest common factor of o and f?
11
Let f(b) be the first derivative of 6 + 17*b + 1/2*b**2. Let y be f(-8). Calculate the greatest common factor of 3 and y.
3
Let u(z) = -z**3 + 11*z**2 + z + 4. Let h be u(11). Suppose -5 = -5*i - 2*d + 143, 1 = -d. What is the highest common divisor of h and i?
15
Suppose -m = -60 + 12. Suppose -f = -o - 0*o - 4, 5*f = -4*o + 20. Let c = f + 12. Calculate the highest common factor of m and c.
16
Suppose 45 = -5*s + u, 2*s + 9 = 5*u - 9. Let n(k) = -2*k - 11. Let c be n(s). Let q = 68 + 9. Calculate the greatest common factor of q and c.
7
Let w(k) = -k**3 + 7*k**2 + 9*k + 3. Let m(o) = -o**2 - 7*o + 26. Let u be m(-9). Let s be w(u). Calculate the highest common factor of s and 33.
11
Let z = -383 + 415. Calculate the highest common factor of 40 and z.
8
Suppose 4*k = 3*x + 1658, 4*k + x = 2*k + 834. What is the highest common divisor of k and 24?
8
Let b be (4*176/(-2))/(-1). Let n = -111 - -188. Suppose -3*i + b = -n. What is the greatest common factor of 13 and i?
13
Suppose 2*g = 8 - 6. Let w be -5*(g + 1 + -9). Let n be (2 + 3)/(w/42). Calculate the greatest common factor of 15 and n.
3
Let d = 1522 - 1488. Let g(i) = 2*i**2 - i. Let z be g(2). Suppose z*s - 510 = s. Calculate the greatest common factor of d and s.
34
Let k = 426 + -251. Calculate the greatest common factor of 25 and k.
25
Let i = 208 + -118. Suppose 0 = -0*s - 3*s + 3*c + i, -c + 138 = 5*s. Calculate the highest common divisor of s and 224.
28
Let u(z) = -z**3 - 22*z**2 - 22*z - 18. Let w be u(-21). Suppose 4*p - 292 = -w*c, 161 = 5*p + 2*c - 197. What is the highest common divisor of 42 and p?
14
Suppose 0 = -8*k - 813 + 877. Calculate the greatest common factor of 2 and k.
2
Suppose 104*y - 116*y + 1944 = 0. Calculate the greatest common divisor of y and 270.
54
Let c(f) = -f + 9. Let s be c(0). Let r = 20 + -16. Suppose 4*w - p - 394 = 0, 388 = -0*w + 4*w - r*p. What is the highest common divisor of s and w?
9
Suppose -2*n = 3*g - 208, 6*n - n = -3*g + 502. Let a = -89 + n. Calculate the highest common divisor of a and 99.
9
Let k(a) = -12*a - 4. Let v be k(-2). What is the highest common divisor of v and 130?
10
Suppose 0*z + 12 = 4*z. Suppose 0 = -f - 0*f + 40. Suppose z*g = -g + f. What is the greatest common divisor of 4 and g?
2
Let s(x) = 2*x**2 - 10*x + 14. Let o be s(8). Calculate the greatest common factor of o and 341.
31
Let b be (2/(-3))/((-82)/7380). Calculate the greatest common divisor of b and 1860.
60
Let o(l) = 81*l**2 - 11*l + 31. Let h be o(2). What is the highest common divisor of 9 and h?
9
Suppose 0 = -5*d + 6*d - a - 190, 759 = 4*d - 3*a. Calculate the highest common factor of d and 56.
7
Let j be -1 - -3 - (-2 - 11). Suppose 3*v = -0*f + 3*f + 1080, -3*f - v - 1076 = 0. Let g = -209 - f. What is the greatest common factor of j and g?
15
Suppose -300 = -62*h + 2*h. Calculate the greatest common factor of 645 and h.
5
Let n be (-3)/(-5) + (-56)/(-40). Let i be n*(1/1 + 11). Calculate the highest common divisor of i and 60.
12
Let i = 235 + -233. Let w(s) = -s**2 - s - 1. Let o be w(0). Let g be 11*2*(0 - o). What is the highest common factor of g and i?
2
Let m be (-7667)/(-51) + (-4)/(-6). Suppose 0 = 6*v - m - 47. Calculate the highest common divisor of v and 264.
33
Let g = 1062 - 600. Calculate the greatest common factor of g and 84.
42
Suppose -3*p - 4*l + 5 = -147, 0 = -p - 3*l + 54. What is the highest common factor of p and 6?
6
Let o = -474 + 478. Let t be 14/(-6)*(-12)/2. Calculate the highest common divisor of o and t.
2
Let a(q) = 3*q**3 + 78*q**2 - 3*q - 3. Let h be a(-26). What is the greatest common factor of h and 21?
3
Let p be 36/30*(-10)/(-4). Suppose 5*y + 2*g = 18, 3*y - p*g = 2*g - 14. Suppose 5*q = y*q + 153. Calculate the greatest common factor of q and 34.
17
Let k(g) = -2*g + 20. Let x be k(10). Suppose x*l = 4*l - 208. What is the greatest common divisor of l and 13?
13
Let o(r) = -16*r - 144. Let z be o(-34). What is the greatest common factor of z and 25?
25
Let j be 544/10 - 4/10. Suppose 4*q - 16 = -2*a, -3*a + 4 = -3*q - q. Suppose -j = -a*r + 6. Calculate the greatest common divisor of 10 and r.
5
Suppose -3*v = 4*p - 103, -46*p + 45*p + 42 = 4*v. What is the greatest common factor of 902 and p?
22
Suppose -5*n + 3*b + 59 = 0, -6*n + 4*b = -n - 62. What is the greatest common factor of 160 and n?
10
Suppose -231 - 4809 = -28*c. What is the highest common divisor of 40 and c?
20
Let f be 2 + -55 + -2*2/(-4). Let d be (3 - 2 - (-6 - -8))*f. Calculate the greatest common factor of 39 and d.
13
Suppose 0*v - 3*v = 2*m - 7, -v = -m + 6. What is the highest common divisor of m and 50?
5
Let i be 1 + (-56)/4 - -34. What is the greatest common factor of 78 and i?
3
Suppose 67 = 3*q + 4*f, 17 = -4*q - 2*f + 93. Let y = 48 + -59. Let w be (1 - 3)/(y/374). Calculate the highest common divisor of q and w.
17
Suppose j - 6*j + 3*o = -121, -o - 2 = 0. Suppose -j*r = -27*r + 32. Suppose -4*k = -28 + r. What is the greatest common factor of 15 and k?
5
Let x = -595 + 841. Calculate the highest common divisor of 24 and x.
6
Suppose -10 = -2*d - 2*o, -11*d - 3*o - 3 = -10*d. What is the greatest common factor of d and 1548?
9
Let s(h) = h**3 - 16*h**2 - 18*h + 24. Let y be s(17). What is the highest common factor of y and 112?
7
Let x(t) = -2*t**3 - 8*t**2 - 18*t - 8. Let o be x(-8). Calculate the greatest common divisor of o and 16.
8
Let c be (5/6*3)/(1/94). Let k = 397 - c. Calculate the greatest common divisor of 18 and k.
18
Suppose 68*m - 64*m = 3456. What is the greatest common divisor of 36 and m?
36
Suppose 56 = 3*y - 25. Let t = y + -33. Let q be (-26)/t + (-6)/(-9). Calculate the highest common factor of q and 25.
5
Suppose -15 = 8*i - 3*i. Let q be 13/3 - (10/3 + i). What is the greatest common factor of 68 and q?
4
Suppose 38 - 12 = x. Let y be (-3)/(-1) + (14 - 17). Let t be (y + -1)*572/(-2). What is the greatest common factor of x and t?
26
Let a(o) = o**3 - 4*o**2 + 3*o + 1. Let y be a(7). Suppose 0 = -5*f - 2*j + y, -173 = -2*f - 3*f - 4*j. Calculate the highest common divisor of 11 and f.
11
Let s = 7 + -7. Suppose -h = -s*h - 40. Let d = h - 21. Calculate the greatest common divisor of d and 76.
19
Let k(w) = 6*w. Suppose 7*i - 2*a - 48 = 2*i, 0 = 5*i - a - 44. Let m be k(i). What is the greatest common factor of 6 and m?
6
Let i = 20 - 12. Suppose 12 = 4*v - i. Let w be ((-330)/(-9))/((-2)/(-3)). What is the greatest common factor of v and w?
5
Let j be (-21)/(-14)*(-14)/(-3). Suppose -n + 42 = -j*n. Let k be n*(-4 - (-26)/7). What is the highest common factor of k and 8?
2
Suppose -3*u - 4*j = 20, 2*j - 4 = 4*j. Let n be (-126)/12*u/3. What is the greatest common factor of n and 70?
14
Suppose 4*h - 2*d = 86, -h + 2*d + 12 = -2. Let b = h + -13. Let r = 0 + 22. Calculate the highest common factor of b and r.
11
Suppose -4*s = -191 - 113. What is the highest common divisor of s and 4?
4
Let s(q) = -2*q**3 + 3*q**2 - 10*q - 23. Let y be s(-5). Calculate the greatest common factor of y and 11.
11
Suppose 2*s - 7 = 2*q + s, 2*s = -5*q - 22. Let u(a) = -a - 2. Let l be u(q). Suppose -k - l*k = -9. Calculate the greatest common divisor of k and 15.
3
Let u be (-166)/(-18) - 2/36*4. Let b(p) = -p**3 + p**2 + 3. Let k be b(0). Let m = 3 + k. What is the highest common divisor of u and m?
3
Suppose -196*h = -177*h - 114. Calculate the highest common divisor of 534 and h.
6
Suppose 3*x - 18 = -0*x. Suppose -4*u + 4*m = 0, -u = -x*u + 2*m + 12. Calculate the greatest common divisor of 8 and u.
4
Suppose -2*o - 925 = -3*i, -2*i - 2*o = o - 621. Let b = i + -169. Let d(y) = 2*y**2 - 7*y + 41. Let l be d(5). Calculate the gre